False
Is 82573289 a prime number?
False
Is 1369927487 prime?
True
Is 15317207 a prime number?
True
Is 2186174 a composite number?
True
Is 557621593 a composite number?
False
Is 8749295 prime?
False
Is 8966891 a composite number?
False
Is 63811 prime?
False
Is 4730057 prime?
True
Is 47174539 composite?
True
Is 156265559 prime?
True
Is 15533519 a composite number?
False
Is 145627 a prime number?
False
Is 4790521 composite?
False
Is 29070947 a composite number?
True
Is 3291853 a prime number?
False
Is 304374139 prime?
True
Is 1278859 prime?
False
Is 33023413 composite?
False
Is 569370619 a prime number?
True
Is 58696697 a composite number?
True
Is 1669411 a prime number?
False
Is 1897261 a prime number?
False
Is 178860473 a prime number?
False
Is 72193631 prime?
True
Is 11904841 composite?
True
Is 40674715 composite?
True
Is 526429 a prime number?
True
Is 571384085 a prime number?
False
Is 27488849 a prime number?
True
Is 6117053 a prime number?
True
Is 1817171 composite?
True
Is 441581941 a composite number?
False
Is 86971 a composite number?
True
Is 222854 composite?
True
Is 1816021 a composite number?
True
Is 233344519 prime?
False
Is 6952531 a composite number?
False
Is 21177977 a prime number?
True
Is 14413421 a composite number?
True
Is 10615233 composite?
True
Is 21656587 a prime number?
False
Is 285683 a composite number?
True
Is 2109539 a composite number?
True
Is 137544443 composite?
False
Is 24080131 prime?
True
Is 6515791 composite?
False
Is 8556467 composite?
True
Is 83274757 a prime number?
True
Is 207444883 a prime number?
True
Is 6499334 composite?
True
Is 4918621 a prime number?
False
Is 8311885 a prime number?
False
Is 332393 a composite number?
False
Is 205655939 composite?
False
Is 3338399 a prime number?
False
Is 10107551 prime?
False
Is 6878699 prime?
True
Is 123148111 a composite number?
False
Is 428882061 a prime number?
False
Is 24540899 prime?
True
Is 12807461 a composite number?
False
Is 115255103 composite?
False
Is 1115903389 a prime number?
True
Is 2226811 a composite number?
False
Is 1489211 a composite number?
True
Is 7669163 prime?
True
Is 20316623 composite?
False
Is 1419196841 a prime number?
True
Is 169895743 composite?
False
Is 84893869 a composite number?
True
Is 46168931 a prime number?
False
Is 37102229 prime?
True
Is 5158331 a composite number?
True
Is 9545711 composite?
True
Is 2884691 prime?
True
Is 38175221 composite?
True
Is 764131 a composite number?
False
Is 957083 a prime number?
False
Is 21292343 a composite number?
False
Is 124983959 a composite number?
False
Is 19141763 a composite number?
False
Is 1629767 composite?
False
Is 404588201 composite?
False
Is 657258209 a composite number?
False
Is 112860673 composite?
False
Is 12347177 composite?
True
Is 14464793 composite?
True
Is 1316947 composite?
True
Is 459267653 a prime number?
False
Is 598409 a composite number?
True
Is 93674821 a prime number?
False
Is 1815358711 prime?
True
Is 219149023 a prime number?
False
Is 211427 composite?
False
Is 226046389 composite?
True
Is 524665 a composite number?
True
Is 2555621 a prime number?
False
Is 545507 a prime number?
False
Is 15159119 a prime number?
True
Is 68398661 a prime number?
True
Is 8378995 prime?
False
Is 20029307 a composite number?
False
Is 35937013 composite?
True
Is 1042541 a prime number?
False
Is 108700241 a composite number?
True
Is 133973557 composite?
False
Is 1725167 prime?
False
Is 4964209 prime?
True
Is 3949537 a prime number?
False
Is 751759 composite?
False
Is 95773467 a composite number?
True
Is 111865867 a composite number?
False
Is 99745957 prime?
False
Is 45159287 prime?
False
Is 118493 a composite number?
False
Is 7735121 a composite number?
False
Is 172556299 a prime number?
True
Is 12949829 prime?
True
Is 11453269 a prime number?
True
Is 9029627 composite?
False
Is 1097063 prime?
False
Is 332632471 composite?
False
Is 7118857 composite?
False
Is 27032001 a prime number?
False
Is 631979 a prime number?
True
Is 1701361 prime?
True
Is 62366401 a composite number?
True
Is 64103627 a composite number?
True
Is 900859 a prime number?
False
Is 626363 a prime number?
True
Is 8105233 composite?
True
Is 4509409 a prime number?
True
Is 61303787 composite?
False
Is 2740391 a composite number?
True
Is 16206991 prime?
True
Is 39079 composite?
False
Is 401381 prime?
True
Is 3863543 a prime number?
False
Is 2710823 a prime number?
True
Is 126611911 a composite number?
True
Is 1807651 a composite number?
True
Is 139169 a prime number?
True
Is 1259627 a composite number?
False
Is 214990031 a prime number?
False
Is 1321063 composite?
False
Is 565534363 prime?
False
Is 192116017 a composite number?
True
Is 71970701 a composite number?
True
Is 42946597 a prime number?
True
Is 3703247 a prime number?
False
Is 12255041 a composite number?
False
Is 439991 a prime number?
True
Is 95383 a composite number?
False
Is 462157 composite?
True
Is 80155963 a composite number?
False
Is 14231999 a prime number?
True
Is 14898119 composite?
False
Is 5012419 a composite number?
True
Is 82121 composite?
True
Is 596039 composite?
True
Is 2059687 a prime number?
False
Is 3229741 a composite number?
False
Is 136744486 prime?
False
Is 17735389 a prime number?
False
Is 2514287 a prime number?
True
Is 56843 a prime number?
True
Is 58108541 a prime number?
True
Is 332147147 a composite number?
False
Is 199706719 a prime number?
True
Is 32821487 composite?
False
Is 2070511 composite?
True
Is 7102813 a prime number?
False
Is 1558807 composite?
False
Is 17463293 prime?
True
Is 19044133 composite?
False
Is 1136621 composite?
True
Is 40129541 composite?
False
Is 156869767 composite?
True
Is 572314793 a prime number?
True
Is 12817529 prime?
True
Is 145176817 composite?
False
Is 5634961 prime?
False
Is 8049317 a prime number?
True
Is 15706151 a composite number?
True
Is 823135603 a composite number?
False
Is 330599 composite?
True
Is 299291263 prime?
False
Is 1294583 composite?
False
Is 6061511 a prime number?
True
Is 4386961 composite?
True
Is 1863263 composite?
False
Is 4013741 a prime number?
False
Is 1400591 a prime number?
False
Is 4956079 composite?
True
Is 3052397 a composite number?
False
Is 51466159 a prime number?
False
Is 237343427 a prime number?
True
Is 7922407 composite?
True
Is 15031129 a prime number?
False
Is 40892989 a prime number?
True
Is 50541713 a prime number?
False
Is 551046383 composite?
True
Is 33197911 a composite number?
True
Is 25820627 prime?
False
Is 58354969 a composite number?
True
Is 9294401 a composite number?
True
Is 72280781 prime?
True
Is 775943 a prime number?
False
Is 9193883 a composite number?
True
Is 9458341 a composite number?
True
Is 6078937 a prime number?
True
Is 13436155 a composite number?
True
Is 2351539 composite?
True
Is 22717207 composite?
False
Is 50736221 a composite number?
False
Is 131602913 a composite number?
True
Is 67956751 prime?
False
Is 78706639 a prime number?
False
Is 1006711 a prime number?
True
Is 3586631 prime?
True
Is 127314823 a prime number?
True
Is 244626569 a prime number?
False
Is 68126101 a composite number?
False
Is 31692259 prime?
True
Is 1582289 a composite number?
True
Is 14350951 prime?
False
Is 652066321 composite?
False
Is 1760263 a prime number?
False
Is 1350697 a prime number?
True
Is 9738623 a composite number?
True
Is 38437717 a prime number?
False
Is 1175219 a prime number?
True
Is 19766359 composite?
True
Is 1925557 a composite number?
False
Is 56301337 a composite number?
False
Is 2458171 prime?
False
Is 112591949 a prime number?
False
Is 25574111 a composite number?
True
Is 1039891 prime?
True
Is 7812421 a composite number?
False
Is 406207 composite?
False
Is 12948989 composite?
True
Is 151999 a composite number?
True
Is 27284029 a prime number?
False
Is 954283 composite?
True
Is 116452321 a prime number?
False
Is 19986535 prime?
False
Is 28266131 a composite number?
True
Is 15356647 a composite number?
True
Is 9186031 composite?
True
Is 8298511 composite?
True
Is 1981733 composite?
True
Is 8684861 composite?
False
Is 32127379 prime?
True
Is 20642387 a prime number?
False
Is 1495157 composite?
False
Is 545610941 prime?
True
Is 1208603 prime?
False
Is 1812401 a composite number?
False
Is 4029455 prime?
False
Is 18156631 prime?
True
I